 is the hundreds digit of (-19002)/(-34) - (-46)/391?
5
Suppose 3*a - a = 4*b + 24, 5*a - 3*b - 25 = 0. What is the units digit of (-12)/8 + 95/a?
6
Let f(z) be the first derivative of -83*z**2/2 - 13. What is the tens digit of f(-1)?
8
Let l(w) = 2*w**2 - 13*w - 28. Let j be (20/20)/((-1)/9). What is the hundreds digit of l(j)?
2
Suppose -3*r + 233 = -19. Let g = 48 + r. Suppose 0 = 4*k + 4*v - g, -153 = -3*k + 5*v - 46. What is the tens digit of k?
3
Let n(y) = y**2 + 26*y - 82. What is the hundreds digit of n(15)?
5
Let n(g) = 8*g**2 - 3*g. Let h be 2/(-11) - (-172)/(-22). Let b(k) = -k - 6. Let o be b(h). What is the units digit of n(o)?
6
Let d be 3 - 9/(27/(-12)). Suppose 12*w = d*w + 40. What is the units digit of w?
8
What is the tens digit of 5/35*-288*-7?
8
Let b = -162 + 267. Suppose 0 = 7*r - 42 - b. What is the units digit of r?
1
Let d = 943 - 527. What is the hundreds digit of d?
4
Let x(r) = -r**3 - 9*r**2 - 12*r - 6. Let y be x(-8). Suppose l = -2*u + 27, l - y = -2*u - l. Suppose -u*h = -16*h + 18. What is the units digit of h?
9
Let b be 1/2 - 5733/18. Let z = -59 - b. What is the units digit of z?
9
Let g(b) = 31*b - 2. Let x be g(3). Let n = 19 + x. Suppose -5*j + n + 1 = -3*i, 4*j - 90 = 2*i. What is the units digit of j?
4
Let l = -12 - -42. Let w = -16 + l. What is the units digit of w?
4
Let y = 5 + -3. Suppose -14*x = -41 + 13. Suppose y*q + 2*n - 46 = 0, x*q + 4*n = 31 + 23. What is the units digit of q?
9
Let d = 28 - 24. Suppose 2*b + 3*j = 87, -4*j + 84 = -2*b + d*b. What is the units digit of b?
8
Let v = 36 + -31. Suppose -5*h - 5*w + 430 = 0, 3*h = 2*h + v*w + 86. What is the units digit of h?
6
Let j(w) = w**3 - 6*w**2 + 4*w + 6. Let o be 14/2*1 + -1. Let v be j(o). Suppose 15 = 4*r - 2*g + 3*g, v = 5*r - g. What is the units digit of r?
5
Let y = -7 + 9. Suppose y*v + 8 = 4*v. Suppose 3*n + v*j = 5*n - 20, -2*n - 2*j = -38. What is the units digit of n?
6
Let y = -369 - -1031. What is the units digit of y?
2
Let t(j) = -550*j**3 + 586*j**3 - 6*j + 2*j + j**2. What is the hundreds digit of t(2)?
2
Suppose 0 = -17*q + 19*q + 12. What is the tens digit of 3*7*(-22)/q?
7
Let x = 361 + -141. What is the tens digit of x?
2
Let j = 163 - 75. Suppose 4*c - 2*d - 2*d = j, 0 = -2*c - 4*d + 14. What is the tens digit of c?
1
Suppose 2*k + 3 = -3*v + 6, 4*k - v - 13 = 0. Let l(i) = 5 + k*i + 0 + 1 - 2. What is the units digit of l(3)?
3
Suppose 0*j - 3*q = 2*j - 8, -5*j = 2*q - 20. Suppose 180 = g + j*g. What is the tens digit of g?
3
Let b(r) = -r**2 - 13*r - 12. Let u be b(-12). Suppose u = 4*c + s - 176, s = -c + 2*c - 49. What is the units digit of c?
5
Let j = -306 + 1382. What is the tens digit of j?
7
Let l(s) = -8*s - 2. Let v = -23 - -12. Let r = 9 + v. What is the tens digit of l(r)?
1
Let c be -4*(-10)/(-4)*-4. Let h be (-18)/15*c/(-12). Suppose -97 = -h*d - 1. What is the tens digit of d?
2
Let y be 86*(-1)/(-3)*6. Suppose -y = -30*o + 28*o. What is the units digit of o?
6
What is the tens digit of ((-16)/(-6))/(7/1995)?
6
Suppose -2*o + 473 - 177 = 0. What is the tens digit of o?
4
Suppose -2*g - 3*g = 20. Let s be 72/(-56) + g/(-14). Let c(w) = 8*w**2 - w - 1. What is the units digit of c(s)?
8
Suppose -4*b + 21 = 5. Suppose b*l = 308 + 168. What is the units digit of l?
9
Suppose 3*w + 3262 = 2*q + 7*w, -3*q + w + 4886 = 0. What is the thousands digit of q?
1
Let w(k) = -8*k - 8. Let p be w(-3). Suppose -2*c = 3*u - 2 + 5, -u + 5*c = -p. What is the units digit of (-2)/u*(-1 - 4)?
0
Let j(g) = g**2 - g. Let z be j(2). Suppose -3 = -z*s + s. Suppose -5*x + 11 = i, 0 = -4*i + 2*x + s*x - 6. What is the units digit of i?
1
Let p(x) = -604*x - 1. Let n be p(-1). Suppose n = 2*a + a. What is the tens digit of a?
0
Suppose 3*j - 7*j - 16 = 0. Let n(m) be the first derivative of -4*m**2 - 3*m - 1. What is the tens digit of n(j)?
2
Suppose -2*y + 4 = -6. Suppose -y*c = -c - 16. Suppose 85 = 3*f - 5*z, 2*z = -f + c*z + 28. What is the units digit of f?
0
Let c = -2847 - -4178. What is the thousands digit of c?
1
Let n be 2430/78 + 6/(-39). Let u = n + -29. What is the units digit of u*4/(-16)*-134?
7
Let m = -438 + 469. What is the tens digit of m?
3
Let c(b) = -b**3 - 14*b**2 - 16*b - 21. Let i be c(-13). Let m(l) = 5*l - 2. Let o be m(-5). Let h = i - o. What is the units digit of h?
5
Suppose 114 = 2*c + 44. Let z = c + -22. What is the tens digit of z + 0/(-4) + -1?
1
Suppose 0 = 12*u - u - 8789. What is the tens digit of u?
9
Let p(v) = v**3 + 0*v**2 + 10*v + 10 + 9*v**2 + 0 + 3*v**2. Let u be p(-8). What is the tens digit of u/14 + (-10)/35?
1
Suppose -10*z + 39 = -111. Suppose -z*h = -3*h - 612. What is the tens digit of h?
5
Let u(z) = 3*z**2 - 23*z + 114. What is the tens digit of u(22)?
6
Let x = 23 + -18. Suppose -x*v + 17 = -8. What is the tens digit of (-15)/(-75) + 119/v?
2
Let b be (-2)/7 - 345/(-105). Suppose -189 = -16*t + 15*t - b*r, 2 = -r. What is the hundreds digit of t?
1
Let n(j) = -23*j**3 - j**2 - 3*j + 1 + 22*j**3 - 3. Let h be n(-3). What is the tens digit of (0 + -5)*(-230)/h?
4
Let v(x) = x**3 + 20*x**2 - 11*x - 41. Let f be v(-20). Suppose -4*j + 4*s = -560, -3*j + 2*s - f + 603 = 0. What is the hundreds digit of j?
1
Let k(c) = 4*c**3 - 7*c**2 + 7*c + 12. What is the units digit of k(4)?
4
Let t(z) be the second derivative of -23*z**3/2 - 9*z**2/2 + 5*z. What is the hundreds digit of t(-2)?
1
Suppose 2953 = -5*l + 14658. What is the thousands digit of l?
2
Let d(i) = -i**3 + 8*i**2 + 2*i - 5. Let p be d(8). Suppose 0 = 16*w - p*w. Suppose 0 = 3*r - 9, w = s + 5*r - 3*r - 31. What is the units digit of s?
5
Suppose 2 = 18*x - 17*x. Let r(v) = 34*v + 9. What is the units digit of r(x)?
7
Let x(h) = h**2 - 7*h + 1. Let d be x(6). Let t(y) = -y**2 - 6*y - 2. Let q be t(d). Suppose 5*u - 60 = q*u. What is the units digit of u?
0
Suppose -b + 120 = 5*w, 5*w + 3*b = 6*b + 100. Let d(p) = -p**2 + 25*p - 14. What is the units digit of d(w)?
2
Let g(z) = -z**3 + 10*z**2 - 16*z + 20. What is the tens digit of g(8)?
2
Let j be (-10)/(-35) - (33/(-7) - -1). Let l(u) = u**3 - u**2 + 7*u - 5. What is the tens digit of l(j)?
7
Let i(p) be the third derivative of -13*p**7/5040 + p**6/720 + p**5/20 + 2*p**2. Let r(c) be the third derivative of i(c). What is the units digit of r(-2)?
7
Let y(u) = 6*u + 30. Let a be y(-5). Let d be ((-2)/(-3))/((-2)/(-21)). Suppose -p + d - 2 = a. What is the units digit of p?
5
Let n be 6/27 - (-125)/45. Suppose -n*k + 157 = -2*k. What is the tens digit of k?
5
Suppose 1933 - 433 = 6*y. What is the hundreds digit of y?
2
Suppose 5*q - 144 = -99. Suppose -1472 = -q*f + f. What is the hundreds digit of f?
1
Suppose -3*a + 4*c + 1237 + 1885 = 0, 3108 = 3*a + 3*c. What is the hundreds digit of a?
0
Let y(o) be the second derivative of o**4/6 + o**3 + 2*o**2 - 2*o. Let h be y(-3). Suppose 0 = -m + h*g + 23, g = 2*g. What is the units digit of m?
3
Suppose -4*r + 5*r - 4 = 0. Suppose -181 = -3*d - 0*z - 4*z, -4*z = r*d - 244. What is the tens digit of d?
6
Suppose 2*o + 20 = -2. Let b = o - -14. Suppose -5*x = 15, -31 = -b*w + 2*w + 2*x. What is the tens digit of w?
2
Let v = 87 - 48. Let j be 0 + -5 + v/13. Let f = j - -8. What is the units digit of f?
6
Suppose 0 = -d - 3*d + 4904. What is the thousands digit of d?
1
What is the hundreds digit of ((-45)/(-10))/(15/400)?
1
Suppose c + r = -2*r + 539, 4*r + 532 = c. What is the tens digit of c?
3
Let u = 20 + -22. Let n(z) = -z + 18. Let h(c) = -1. Let k(g) = u*h(g) + n(g). What is the units digit of k(0)?
0
Let n be (2 - 1) + (-8)/4. Let s = n + 46. What is the units digit of s?
5
Let i = 406 + 441. What is the tens digit of i?
4
Let v = -31 - -45. Let n(z) = -11*z**2 - 9*z - 13. Let q(l) = 31*l**2 + 28*l + 40. Let b(k) = 17*n(k) + 6*q(k). What is the tens digit of b(v)?
3
Suppose -3*f = -5*f + 6. Let w(j) = 0 + 0*j + j**2 + j + 5*j - f. What is the tens digit of w(-8)?
1
Suppose 0 = -9*z - z + 2340. What is the tens digit of z?
3
Let z be ((-64)/(-56))/(2/7) - 1. Let g(w) = 25*w**2 + 5*w + 2. What is the units digit of g(z)?
2
Suppose -261 = -4*h - 5*p, -3 = -p + 2. Let s = h - 56. What is the units digit of s?
3
Suppose 2*l - 32 = -3*y - y, -4*y = 3*l - 38. What is the units digit of ((-3)/l)/((-2)/260)?
5
Let r be (5